 13 a factor of a(-23)?
False
Suppose -6*z - 12*z - 18 = 0. Let s(o) = -45*o**3 - 2*o**2 + 2*o**2. Is s(z) a multiple of 15?
True
Suppose -t - 53 = -440. Does 34 divide t?
False
Let w = 115 + -113. Does 5 divide (-4 - 78)*(-1)/w?
False
Suppose 4100 = 5*g + 4*u, 3*g + g - 3281 = -3*u. Is g a multiple of 101?
False
Suppose 0 = -3*a - 11*s + 799, -3*s = -s + 2. Is 10 a factor of a?
True
Suppose 0 = 2*h - 4*s - 2198, -6*h - 5*s + 2207 = -4*h. Suppose 483 = 4*l - h. Suppose -l = -5*b - 4*f, 3*f = -b + 57 + 20. Does 37 divide b?
False
Let d be 88/20 - -1 - 3/(-5). Let a(n) = -n**3 + 4*n**2 + 13*n + 7. Is 2 a factor of a(d)?
False
Let p be (-3 - 10/2)*1/(-2). Suppose -p*k - 19 = -4*m + 121, -4*m = -3*k - 138. Is m a multiple of 5?
False
Suppose -6*u + 2*u - 5*l + 1 = 0, 5*u + 4*l = 8. Suppose n + u*n = 380. Is 19 a factor of n?
True
Let o = 2004 - 1197. Does 25 divide o?
False
Let p(o) = o**3 + o**2 + 2*o + 28. Let f(w) = 3*w**3 + 3*w**2 + 5*w + 84. Let j(u) = 4*f(u) - 11*p(u). Is j(0) a multiple of 4?
True
Is 16 a factor of (1 + 9)/(-14*5/(-1540))?
False
Does 5 divide (0 + 11/3)/(4/420)?
True
Let w be 1*(1 - (-4 + 1)). Suppose 23 = 4*x + 3*m, -x + w*m = 3*x - 44. Is 3 a factor of x?
False
Let w(m) = -3*m + 42. Let v be w(-11). Let y = -63 + v. Is y a multiple of 3?
True
Let l = -3 - -5. Let k(z) = 12*z**l - 12 + 22*z - 22*z - z**3 - 13*z. Is 26 a factor of k(10)?
False
Suppose -2*p + 278 = 178. Is 2 a factor of p?
True
Suppose 3*l - 7 = p - 4, -5*l + 16 = 2*p. Let m(h) = -h + 41. Let k be m(-23). Let g = k + l. Does 22 divide g?
True
Is 5 a factor of (-8210)/(-14) - 2*8/(-28)?
False
Let i = 5222 - 1946. Is 39 a factor of i?
True
Is (-1 - 84)*(-7 - 133/7) a multiple of 13?
True
Let l = -3 - -2. Let c be ((-2)/(-6))/(l/(-15)). Suppose 2*u - 55 = -c*w, 4*w - 2*w = 2*u + 8. Does 9 divide w?
True
Let v = 4576 - 1963. Is v a multiple of 19?
False
Suppose 0 = -3*g - 0*g + 180. Is (-672)/g*(-5)/2 a multiple of 7?
True
Let f = -62 - -89. Suppose -24*n = -f*n + 699. Does 26 divide n?
False
Let h(q) = -6*q + q**3 + q**2 + 0*q**3 + 3 + 5*q + 8*q**2. Is 27 a factor of h(-5)?
True
Suppose 0*y - 2*y = 54. Let c be (-6)/y - (-572)/18. Suppose 170 = 3*n + c. Does 19 divide n?
False
Suppose -5*w - 210 = 2*o, 0 = 4*o + 20 - 0. Let n = w - -40. Is 11 a factor of 59 - ((-4 - n) + 8)?
True
Let y be (2 - 4 - -2) + -3. Let l be (2/(-4))/((-7)/(-532)). Does 8 divide l/(y/(9/6))?
False
Suppose -i - 3 = 10. Let u = i - 16. Is 8 a factor of 1/(57/u + 2)?
False
Suppose 9*f - 242 = 7*f. Let u = -79 + f. Is 21 a factor of u?
True
Let z be (133 - 2) + 1 + -3. Let s = z + -83. Let k = -10 + s. Is k a multiple of 9?
True
Let p(l) = 3*l - 4. Let g(n) = -n**2 - 2*n + 3. Let k(z) = -3*g(z) - 2*p(z). Does 13 divide k(-3)?
True
Let g = -14 - -8. Let x be g + 9 + (-3 - 0). Suppose -6*c - 47 + 245 = x. Is 11 a factor of c?
True
Suppose -11*d + 4735 = -809. Is 18 a factor of d?
True
Let u(x) be the third derivative of 7*x**5/20 + x**4/8 + x**3/3 - 16*x**2. Is u(-3) a multiple of 15?
False
Suppose -m - 4*m - 3*a = -413, 0 = m + 3*a - 85. Is 8 a factor of m/4 - (-3)/(-6)?
False
Does 11 divide 15822/180 + 1/10?
True
Suppose -h = h + 4*g - 8, -2*h - 2*g = -6. Is 1*h*21 + 4 a multiple of 12?
False
Suppose -5*f + 4*h - 2*h = -21, 2*f = -h + 3. Suppose -5*c = -c - 132. Suppose 0 = f*r - c - 27. Is 20 a factor of r?
True
Let n(s) = 5*s**2 + 2 + 8*s**2 - 2*s**2 + s + 39*s**2. Let t be n(-1). Let m = 73 - t. Is m a multiple of 11?
True
Let s = 123 + -125. Is (s + (-32)/(-3))*42/4 a multiple of 27?
False
Suppose -3*o + 1 = l, 2*l + 2 = -2*o + 8. Suppose -59 = -2*m + 5*t, m + l*t = -3*m + 160. Is m a multiple of 5?
False
Let m(q) = -2*q + 210. Does 5 divide m(-45)?
True
Suppose -24 = 5*r - 2*j - 621, 5*r - j = 596. Let v = -69 + r. Suppose 0 = 2*c - 40 - v. Is c a multiple of 9?
True
Let t(q) = 2*q - 5. Let z be t(10). Let o = z - 9. Is 12 a factor of 10 + o/3 + 1?
False
Suppose 4*r + 0*r = 16. Let w(p) = r*p + 1 - p + 3*p + p. Is w(1) a multiple of 3?
False
Let w(i) = -2*i + 40. Let s be w(0). Let q = 0 - s. Let k = 2 - q. Is 14 a factor of k?
True
Let x = 29 - 22. Suppose x = -4*q - 85. Let g = 5 - q. Does 22 divide g?
False
Let o be (24/(-32))/((-2)/32). Suppose 3*q + 4*z + 5 = o, 0 = 5*q + 2*z - 21. Suppose 0 = -q*a - 0*a + 140. Is 14 a factor of a?
True
Suppose -3230 = -6*w - 2*u, 2*w - 1078 = -0*w - u. Is w a multiple of 22?
False
Suppose 1155 = 9*v - 3183. Is v a multiple of 50?
False
Let w(i) = -5*i - 1. Let o be w(-1). Suppose 0 = 4*j + 2*a + 4, 0 = j - o*a - 6 - 2. Let y(h) = -h**3 - h + 31. Is 10 a factor of y(j)?
False
Let q(z) = -z**3 + 7*z**2 - 5*z - 3. Let u be q(6). Suppose -m + 0*m = 4*i + 3, -u*m = -i - 4. Is ((-21)/14)/(m/(-18)) a multiple of 18?
False
Let d(x) = 13*x**2 + 2*x + 42. Let z(t) = -4*t**2 - t - 14. Let h(j) = 4*d(j) + 11*z(j). Is 11 a factor of h(5)?
False
Let r = -56 + 24. Let z(n) = 79*n - 7. Let s be z(1). Let c = r + s. Is 10 a factor of c?
True
Let n be (12/8)/(3/18). Does 14 divide 21*-1*(-42)/n?
True
Suppose 0 = -7*g + 3180 + 971. Does 26 divide g?
False
Let c(r) = 19*r**2 - r - 8. Let w be c(-6). Is w/12 - 7/(-42) a multiple of 15?
False
Let s(x) = -2 - 1 - 8 - 6*x. Is 7 a factor of s(-6)?
False
Let y be -2*2/(4/(-2)). Suppose 0 = -3*p + 4*l + 19, -l - y*l = -4*p + 16. Does 6 divide p - -5 - (6 - 9)?
False
Let w = 4 - 4. Is 31 a factor of 0/3 - (w + -31)?
True
Let q = 1276 - -8688. Is 12 a factor of q/30 - (-22)/(-165)?
False
Let q = -231 + 296. Does 5 divide q?
True
Is (-5049)/34*2/(-3) a multiple of 33?
True
Does 16 divide ((-96)/(-20))/(6/40)?
True
Let v(m) = -m**2 + 14*m + 12. Is 39 a factor of v(7)?
False
Is 13 a factor of (8 - 164)*(-24)/16?
True
Let b(x) be the second derivative of x**5/20 + x**4/2 - 2*x**3/3 - 6*x**2 - 2*x. Is 21 a factor of b(-5)?
False
Let a = -4 + 12. Let p = a + -8. Suppose p = 4*r - 43 - 29. Is 9 a factor of r?
True
Let g(o) = -o**2 - 37*o - 11. Is 25 a factor of g(-31)?
True
Suppose 8*n - 5*n = 42. Is 12 a factor of n?
False
Let j(a) = -3*a**3 + 1. Let l be j(1). Let m be (-8)/12*3/l. Is (m/(-2))/(5/(-210)) a multiple of 7?
True
Let a = -86 + 151. Is 13 a factor of a?
True
Let q be (-6)/(-30) - (3/15 + 2). Is ((3/q)/3)/1*-192 a multiple of 11?
False
Suppose 2*d = -5*p + 3*p, -4 = p. Suppose d*w - 1053 = w. Suppose b - 113 = -2*z, -86 = 5*z - b - w. Is 16 a factor of z?
False
Is (119 - 51)/(6/(-4) + 2) a multiple of 10?
False
Suppose -4*i + 5*i + 2 = 0, 482 = 4*h - 3*i. Let n = h + -29. Is 30 a factor of n?
True
Let x(n) = -n**3 - 2*n + 45. Let t be x(0). Let s be t/6*(1 - -1). Suppose 5*u - 2*w = -s + 61, u - 20 = -5*w. Is u a multiple of 10?
True
Let x = -189 - -1088. Does 34 divide x?
False
Let h = 2131 - 1522. Is 29 a factor of h?
True
Suppose 0 = -10*d + 15*d - 2*c - 320, -4*d + 2*c + 256 = 0. Does 16 divide d?
True
Let h = 1597 + -385. Suppose -6*g - h = -12*g. Is 37 a factor of g?
False
Suppose 17*i = 21*i + 2*f - 798, 4*i - 793 = 3*f. Is 33 a factor of i?
False
Let o(a) = a**3 + 12*a**2 - a + 8. Let l be o(-12). Suppose 3*m - 112 = -h, m + 0*m - l = 4*h. Does 6 divide m?
True
Let q = -271 - -316. Is 3 a factor of q?
True
Let a(t) = t**3 + 9*t**2 - 9*t + 4. Let h be a(-10). Let v = h + 6. Suppose v*j + 30 = j. Is j a multiple of 6?
True
Suppose 5*n - 2*n + 393 = 0. Let c = -29 - n. Let z = c + -54. Does 16 divide z?
True
Suppose -10*v - 168 = -16*v. Let s = v + 4. Is 16 a factor of s?
True
Let v(b) = b**3 - 6*b**2 - 8*b + 9. Let d be v(7). Suppose 0 = -2*s - d*o + 98, -2*s - 2*o = s - 146. Does 5 divide s?
False
Is ((-6)/(-8))/((-6)/(-15992)) a multiple of 20?
False
Suppose -3*t - 2*o + 1005 = 0, -2*t + 366 = 4*o - 296. Is 6 a factor of t?
False
Suppose -4*i + 11 = p - 18, -4*p - 44 = -4*i. Suppose -25 = -3*a + 5*v, -4*a = 5*v + 17 + i. Is (81 - 0) + (a - -2) a multiple of 23?
False
Suppose f - 4*r + 5*r - 496 = 0, -2476 = -5*f - 4*r. Is 12 a factor of f?
True
Suppose -5*b - i = -152, 63 = 4*b - 4*i - 73. Let z = -170 + 276. Let n = z - b. Does 14 divide n?
False
Is 14 a factor of (-90)/(-12)*-42*-1?
False
Is 247 + 10*(-6)/12 a multiple of 5?
False
Suppose -3*y - 47 = -w, -3*w + 5*w = 4*y + 62. Let l = -12 - y. Suppose r = -4, -2*r - 83 = -9*o + l*o. Does 4 divide o?
False
Suppose -3*m + w = -25, -2*w - 26 = 5*m - 75. Sup